{"id":406,"date":"2025-01-10T08:00:48","date_gmt":"2025-01-10T08:00:48","guid":{"rendered":"https:\/\/viajesymas.com.es\/index.php\/producto\/b0bkwbby9g\/"},"modified":"2025-01-10T08:00:48","modified_gmt":"2025-01-10T08:00:48","slug":"b0bkwbby9g","status":"publish","type":"product","link":"https:\/\/viajesymas.com.es\/index.php\/producto\/b0bkwbby9g\/","title":{"rendered":"B0BKWBBY9G"},"content":{"rendered":"<p>&#8211; \u3010Gran Capacidad\u3011Incluye 5 bolsas de almacenamiento grandes, cada tama\u00f1o es de 100x50x15 cm con una capacidad de 90L. Especialmente dise\u00f1ada para ser baja y compacta, esta bolsa para guardar ropa se desliza f\u00e1cilmente debajo de cualquier cama de tama\u00f1o est\u00e1ndar. Es adecuado para guardar edredones, mantas, ropa, almohadas y juguetes.<br \/>\n&#8211; \u3010Tela no Tejida\u3011El organizador de edred\u00f3n est\u00e1 hecho de tela no tejida compuesta de 3 capas de alta calidad e inodoro, que promueve la ventilaci\u00f3n y protege sus art\u00edculos almacenados, y se puede plegar para ahorrar espacio cuando no est\u00e1 en uso, f\u00e1cil de lavar y usar. (Tenga en cuenta que estas son solo bolsas de tela, sin soporte de metal)<br \/>\n&#8211; \u3010Dise\u00f1o de Ventana Transparente\u3011La ventana transparente le permite encontrar r\u00e1pidamente lo que hay dentro. Ahorre tiempo, solo mire a trav\u00e9s de la \u00abventana\u00bb y vea si esta es la bolsa para abrir.<br \/>\n&#8211; \u3010Mango Reforzado\u3011Los mangos est\u00e1n cosidos con 2 capas de tela gruesa y las costuras reforzadas brindan mayor resistencia y duplican la capacidad de carga. La fuerte cremallera bidireccional se puede usar durante mucho tiempo sin caerse.<br \/>\n&#8211; \u3010Multiprop\u00f3sito\u3011Para guardar ropa de temporada, mantas, ropa de cama, adornos navide\u00f1os, colchas, mantas, edredones, almohadas, prendas y otros art\u00edculos en su armario, guardarropa o debajo de la cama. Bolsa de almacenamiento debajo de la cama excelente para el hogar, dormitorios universitarios, armarios, dormitorios, s\u00f3tanos, \u00e1ticos, debajo de la cama y m\u00e1s. Tambi\u00e9n como el mejor ayudante de almacenamiento para mudanzas.<\/p>\n","protected":false},"excerpt":{"rendered":"<p>Owelth Cajas Almacenaje Ropa 5 Piezas, 90L Bolsa de Almacenamiento Debajo de la Cama Telas no Tejidas, Plegable Organizador de Transpirable con Cremallera Robusta, para Guardar Edred\u00f3n, Manta<br \/>\n<br \/>\n#Publicidad<\/p>\n","protected":false},"featured_media":405,"comment_status":"open","ping_status":"closed","template":"","meta":[],"product_cat":[15],"product_tag":[],"class_list":{"0":"post-406","1":"product","2":"type-product","3":"status-publish","4":"has-post-thumbnail","6":"product_cat-sin-categorizar","8":"first","9":"instock","10":"shipping-taxable","11":"product-type-external"},"_links":{"self":[{"href":"https:\/\/viajesymas.com.es\/index.php\/wp-json\/wp\/v2\/product\/406","targetHints":{"allow":["GET"]}}],"collection":[{"href":"https:\/\/viajesymas.com.es\/index.php\/wp-json\/wp\/v2\/product"}],"about":[{"href":"https:\/\/viajesymas.com.es\/index.php\/wp-json\/wp\/v2\/types\/product"}],"replies":[{"embeddable":true,"href":"https:\/\/viajesymas.com.es\/index.php\/wp-json\/wp\/v2\/comments?post=406"}],"wp:featuredmedia":[{"embeddable":true,"href":"https:\/\/viajesymas.com.es\/index.php\/wp-json\/wp\/v2\/media\/405"}],"wp:attachment":[{"href":"https:\/\/viajesymas.com.es\/index.php\/wp-json\/wp\/v2\/media?parent=406"}],"wp:term":[{"taxonomy":"product_cat","embeddable":true,"href":"https:\/\/viajesymas.com.es\/index.php\/wp-json\/wp\/v2\/product_cat?post=406"},{"taxonomy":"product_tag","embeddable":true,"href":"https:\/\/viajesymas.com.es\/index.php\/wp-json\/wp\/v2\/product_tag?post=406"}],"curies":[{"name":"wp","href":"https:\/\/api.w.org\/{rel}","templated":true}]}}