{"id":370,"date":"2025-01-08T14:57:56","date_gmt":"2025-01-08T14:57:56","guid":{"rendered":"https:\/\/viajesymas.com.es\/index.php\/producto\/b0dnq4vg9f\/"},"modified":"2025-01-08T14:57:56","modified_gmt":"2025-01-08T14:57:56","slug":"b0dnq4vg9f","status":"publish","type":"product","link":"https:\/\/viajesymas.com.es\/index.php\/producto\/b0dnq4vg9f\/","title":{"rendered":"B0DNQ4VG9F"},"content":{"rendered":"<p>&#8211; Dise\u00f1o ergon\u00f3mico: Este recortador de vello facial est\u00e1 dise\u00f1ado ergon\u00f3micamente para un agarre c\u00f3modo y un recorte preciso de vello nasal y auricular.<br \/>\n&#8211; Acero inoxidable higi\u00e9nico: Las cuchillas de acero inoxidable garantizan un corte limpio e higi\u00e9nico sin irritaci\u00f3n.<br \/>\n&#8211; Funcionamiento silencioso: El motor el\u00e9ctrico de bajo ruido permite un uso discreto y sin molestias.<br \/>\n&#8211; Carga USB-Tipo C: Recarga r\u00e1pida y conveniente mediante el puerto USB-Tipo C para mayor portabilidad.<br \/>\n&#8211; Cabezal pivotante: El cabezal pivotante de 360\u00b0 facilita el acceso a \u00e1reas dif\u00edciles para un recorte completo.<\/p>\n","protected":false},"excerpt":{"rendered":"<p>Recortador de Nariz, Orejas y Cejas Recargable e Indoloro, IPX7 Impermeable, Cuchillas Dobles, Port\u00e1til, P\u00farpura<br \/>\n<br \/>\n#Publicidad<\/p>\n","protected":false},"featured_media":369,"comment_status":"open","ping_status":"closed","template":"","meta":[],"product_cat":[15],"product_tag":[],"class_list":{"0":"post-370","1":"product","2":"type-product","3":"status-publish","4":"has-post-thumbnail","6":"product_cat-sin-categorizar","8":"first","9":"instock","10":"shipping-taxable","11":"product-type-external"},"_links":{"self":[{"href":"https:\/\/viajesymas.com.es\/index.php\/wp-json\/wp\/v2\/product\/370","targetHints":{"allow":["GET"]}}],"collection":[{"href":"https:\/\/viajesymas.com.es\/index.php\/wp-json\/wp\/v2\/product"}],"about":[{"href":"https:\/\/viajesymas.com.es\/index.php\/wp-json\/wp\/v2\/types\/product"}],"replies":[{"embeddable":true,"href":"https:\/\/viajesymas.com.es\/index.php\/wp-json\/wp\/v2\/comments?post=370"}],"wp:featuredmedia":[{"embeddable":true,"href":"https:\/\/viajesymas.com.es\/index.php\/wp-json\/wp\/v2\/media\/369"}],"wp:attachment":[{"href":"https:\/\/viajesymas.com.es\/index.php\/wp-json\/wp\/v2\/media?parent=370"}],"wp:term":[{"taxonomy":"product_cat","embeddable":true,"href":"https:\/\/viajesymas.com.es\/index.php\/wp-json\/wp\/v2\/product_cat?post=370"},{"taxonomy":"product_tag","embeddable":true,"href":"https:\/\/viajesymas.com.es\/index.php\/wp-json\/wp\/v2\/product_tag?post=370"}],"curies":[{"name":"wp","href":"https:\/\/api.w.org\/{rel}","templated":true}]}}