{"id":354,"date":"2025-01-08T08:00:54","date_gmt":"2025-01-08T08:00:54","guid":{"rendered":"https:\/\/viajesymas.com.es\/index.php\/producto\/b0d978y1y9\/"},"modified":"2025-01-08T08:00:54","modified_gmt":"2025-01-08T08:00:54","slug":"b0d978y1y9","status":"publish","type":"product","link":"https:\/\/viajesymas.com.es\/index.php\/producto\/b0d978y1y9\/","title":{"rendered":"B0D978Y1Y9"},"content":{"rendered":"<p>&#8211; \u2764\ufe0f\u200d\ud83d\udd25\u3010Potente Succi\u00f3n de 48kPa\/600W con Luz LED Verde para una Limpieza Profunda\u3011 La aspiradora sin cable A11 ofrece una impresionante succi\u00f3n de 48kPa y una luz LED verde para iluminar el polvo m\u00e1s fino en \u00e1reas oscuras, garantizando una limpieza exhaustiva y detallada en cada rinc\u00f3n de tu hogar.<br \/>\n&#8211; \u2764\ufe0f\u200d\ud83d\udd25\u3010Cepillo Tanque para Alfombras: Succi\u00f3n Imbatible en Todo Tipo de Suelos\u3011 Equipado con un cepillo robusto dise\u00f1ado como un tanque, la aspiradora escoba A11 proporciona una succi\u00f3n insuperable en alfombras y superficies duras, ofreciendo una limpieza profunda y eficiente.<br \/>\n&#8211; \u2764\ufe0f\u200d\ud83d\udd25\u3010Cepillo Antienredos: Reducci\u00f3n de Enredos de Pelo y Eficiencia Constante\u3011 El cepillo antienredos reduce significativamente el problema de enredos de pelo en comparaci\u00f3n con los cepillos tradicionales, manteniendo la succi\u00f3n constante y facilitando la limpieza.<br \/>\n&#8211; \u2764\ufe0f\u200d\ud83d\udd25\u3010Filtraci\u00f3n Avanzada de 12 Ciclones: Aire M\u00e1s Limpio, Hogar M\u00e1s Saludable\u3011 Nuestro sistema de filtraci\u00f3n con 12 ciclones asegura una captura eficiente de part\u00edculas, manteniendo el aire de tu hogar limpio y saludable.<br \/>\n&#8211; \u2764\ufe0f\u200d\ud83d\udd25\u3010Accesorios Funcionales para Cada Necesidad\u3011 Incluye una variedad de accesorios como 1\ufe0f\u20e3un cepillo para esquinas, 2\ufe0f\u20e3un cepillo 2 en 1, y 3\ufe0f\u20e3un cepillo para colchones, adapt\u00e1ndose a todas tus necesidades de limpieza y garantizando una cobertura completa.<br \/>\n&#8211; \u2764\ufe0f\u200d\ud83d\udd25\u3010Bater\u00eda Desmontable con Larga Duraci\u00f3n hasta 60 mins\u3011 Disfruta de una limpieza continua con la bater\u00eda desmontable de larga duraci\u00f3n, que permite una carga f\u00e1cil y proporciona autonom\u00eda prolongada para limpiar todo tu hogar sin interrupciones. \ud83d\udd0b\u203b40-60 minutos en el nivel bajo;\u203b20-30 minutos en el nivel medio; \u203b15 minutos en el nivel alto.\ud83d\udd0b<br \/>\n&#8211; \u2764\ufe0f\u200d\ud83d\udd25\u3010Incluye Soporte de Pared y Organizador de Accesorios para un Almacenamiento Ordenado\u3011 El soporte de pared y el organizador de accesorios incluidos facilitan un almacenamiento pr\u00e1ctico y ordenado, manteniendo todos los componentes a mano y en perfecto estado.<br \/>\n&#8211; \u2764\ufe0f\u200d\ud83d\udd25\u3010Contenido del Paquete\u3011\u2460Cepillo para Colchones\uff1b \u2461Cepillo 2 en 1 \uff1b\u2462Cepillo para Esquinas\uff1b \u2463Soporte de Pared\uff1b \u2464Cargador\uff1b \u2465Filtros HEPA (x2)\uff1b \u2466Cabezal Principal \uff1b\u2467Bater\u00eda Desmontable\uff1b\u2468Cabezal de Cepillo\uff1b\u2469Tubo de Metal (x2)<\/p>\n","protected":false},"excerpt":{"rendered":"<p>Linkifly 48kPa\/600W\/60Mins Aspiradora sin Cable A11, Escoba Aspiradora sin Cable con Luz LED Verde, Cepillo Antienredo, 3 Accesorios para Suelos\/Alfombra\/Pelos de Mascotas, Bater\u00eda Desmontable<br \/>\n<br \/>\n#Publicidad<\/p>\n","protected":false},"featured_media":353,"comment_status":"open","ping_status":"closed","template":"","meta":[],"product_cat":[15],"product_tag":[],"class_list":{"0":"post-354","1":"product","2":"type-product","3":"status-publish","4":"has-post-thumbnail","6":"product_cat-sin-categorizar","8":"first","9":"instock","10":"shipping-taxable","11":"product-type-external"},"_links":{"self":[{"href":"https:\/\/viajesymas.com.es\/index.php\/wp-json\/wp\/v2\/product\/354","targetHints":{"allow":["GET"]}}],"collection":[{"href":"https:\/\/viajesymas.com.es\/index.php\/wp-json\/wp\/v2\/product"}],"about":[{"href":"https:\/\/viajesymas.com.es\/index.php\/wp-json\/wp\/v2\/types\/product"}],"replies":[{"embeddable":true,"href":"https:\/\/viajesymas.com.es\/index.php\/wp-json\/wp\/v2\/comments?post=354"}],"wp:featuredmedia":[{"embeddable":true,"href":"https:\/\/viajesymas.com.es\/index.php\/wp-json\/wp\/v2\/media\/353"}],"wp:attachment":[{"href":"https:\/\/viajesymas.com.es\/index.php\/wp-json\/wp\/v2\/media?parent=354"}],"wp:term":[{"taxonomy":"product_cat","embeddable":true,"href":"https:\/\/viajesymas.com.es\/index.php\/wp-json\/wp\/v2\/product_cat?post=354"},{"taxonomy":"product_tag","embeddable":true,"href":"https:\/\/viajesymas.com.es\/index.php\/wp-json\/wp\/v2\/product_tag?post=354"}],"curies":[{"name":"wp","href":"https:\/\/api.w.org\/{rel}","templated":true}]}}