{"id":3436,"date":"2026-04-17T06:56:21","date_gmt":"2026-04-17T06:56:21","guid":{"rendered":"https:\/\/viajesymas.com.es\/index.php\/producto\/b0f65krg6w_es\/"},"modified":"2026-04-17T06:56:21","modified_gmt":"2026-04-17T06:56:21","slug":"b0f65krg6w_es","status":"publish","type":"product","link":"https:\/\/viajesymas.com.es\/index.php\/producto\/b0f65krg6w_es\/","title":{"rendered":"B0F65KRG6W_ES"},"content":{"rendered":"<p>&#8211; DISE\u00d1O B\u00c1SICO: traje de ba\u00f1o de cuello halter colgante + dise\u00f1o de cintur\u00f3n de cuerda fina ajustable en la espalda, muestra hombros y escote elegantes y corte sexy sin espalda; ba\u00f1ador de bikini brasile\u00f1o de cintura baja con cintur\u00f3n de cuerda ajustable de doble lado, la cuerda decorada con perlas a\u00f1ade un estilo vacacional de lujo<br \/>\n&#8211; TEJIDO C\u00d3MODO: Este conjunto de bikini triangular est\u00e1 hecho de tejido de textura acanalada de alta elasticidad, que es suave y agradable para la piel y proporciona un soporte moderado; relleno extra\u00edble de espuma con memoria ultrafina, que se adapta libremente a las necesidades de las diferentes formas de pecho; el uso del proceso de envoltura evita que el tejido se ondule y se deforme, prolongando la vida \u00fatil del conjunto<br \/>\n&#8211; FUNCI\u00d3N AJUSTABLE:El conjunto de bikini de cadena tiene lazos ajustables en 4 lugares en la parte posterior \/ cintura para adaptarse con precisi\u00f3n a la forma del cuerpo;Copas tri\u00e1ngulo de corte + tirantes finos para colgar el cuello para evitar el deslizamiento verg\u00fcenza, adecuado para el surf \/ piscina y otras escenas din\u00e1micas<br \/>\n&#8211; MULTI-ESCENARIO: Este conjunto de bikini tanga es perfecto para viajes de esposa o novia, luna de miel o regalo de cumplea\u00f1os, con el encubrimiento recortado se puede transformar en una ropa de playa de moda, f\u00e1cil de cambiar entre los escenarios de vacaciones \/ fiesta<br \/>\n&#8211; \u00a1CONSEJOS:Lavar a mano a temperatura ambiente y secar de forma natural en un lugar fresco y ventilado, lavar por separado y no usar lej\u00eda ni plancha, si tiene alg\u00fan problema post-venta, p\u00f3ngase en contacto con nosotros<\/p>\n","protected":false},"excerpt":{"rendered":"<p>JFAN Conjuntos de Bikini Mujer Push-up Traje de Ba\u00f1o 2 Piezas Halter Tri\u00e1ngulo Bikini Sexy Bikinis Brasile\u00f1o y Tanga Cintura Baja Ba\u00f1adores de Playa Verano,Azul Zafiro,M<br \/>#Publicidad<\/p>\n","protected":false},"featured_media":3435,"comment_status":"open","ping_status":"closed","template":"","meta":[],"product_cat":[15],"product_tag":[],"class_list":{"0":"post-3436","1":"product","2":"type-product","3":"status-publish","4":"has-post-thumbnail","6":"product_cat-sin-categorizar","8":"first","9":"instock","10":"shipping-taxable","11":"product-type-external"},"_links":{"self":[{"href":"https:\/\/viajesymas.com.es\/index.php\/wp-json\/wp\/v2\/product\/3436","targetHints":{"allow":["GET"]}}],"collection":[{"href":"https:\/\/viajesymas.com.es\/index.php\/wp-json\/wp\/v2\/product"}],"about":[{"href":"https:\/\/viajesymas.com.es\/index.php\/wp-json\/wp\/v2\/types\/product"}],"replies":[{"embeddable":true,"href":"https:\/\/viajesymas.com.es\/index.php\/wp-json\/wp\/v2\/comments?post=3436"}],"wp:featuredmedia":[{"embeddable":true,"href":"https:\/\/viajesymas.com.es\/index.php\/wp-json\/wp\/v2\/media\/3435"}],"wp:attachment":[{"href":"https:\/\/viajesymas.com.es\/index.php\/wp-json\/wp\/v2\/media?parent=3436"}],"wp:term":[{"taxonomy":"product_cat","embeddable":true,"href":"https:\/\/viajesymas.com.es\/index.php\/wp-json\/wp\/v2\/product_cat?post=3436"},{"taxonomy":"product_tag","embeddable":true,"href":"https:\/\/viajesymas.com.es\/index.php\/wp-json\/wp\/v2\/product_tag?post=3436"}],"curies":[{"name":"wp","href":"https:\/\/api.w.org\/{rel}","templated":true}]}}