{"id":3418,"date":"2026-04-16T09:44:33","date_gmt":"2026-04-16T09:44:33","guid":{"rendered":"https:\/\/viajesymas.com.es\/index.php\/producto\/b0frmn152t_es\/"},"modified":"2026-04-16T09:44:33","modified_gmt":"2026-04-16T09:44:33","slug":"b0frmn152t_es","status":"publish","type":"product","link":"https:\/\/viajesymas.com.es\/index.php\/producto\/b0frmn152t_es\/","title":{"rendered":"B0FRMN152T_ES"},"content":{"rendered":"<p>&#8211; [Modelo compatible] MaEiol funda protectora PU es compatible con Samsung Galaxy Tab S10 FE+ 13,1 pulgadas 2025 \/ Samsung Galaxy Tab S10 FE Plus 13,1 pulgadas 2025. Para evitar incompatibilidades, verifique cuidadosamente el modelo de su tableta antes de comprar.<br \/>\n&#8211; [Materiales de alta calidad y protecci\u00f3n integral] Esta funda est\u00e1 fabricada en PU con imanes integrados uniformemente en la cubierta. La capa interior de microfibra minimiza los ara\u00f1azos por fricci\u00f3n y protege la pantalla LCD de la suciedad. Ofrece resistencia a la flexi\u00f3n y una protecci\u00f3n superior contra impactos. Ya no tendr\u00e1 que preocuparse por los da\u00f1os que pueda sufrir su tableta al caerse.<br \/>\n&#8211; [Parte trasera de acr\u00edlico r\u00edgido y transparente] La cubierta trasera est\u00e1 fabricada en acr\u00edlico r\u00edgido, transparente y cristalino, con una carcasa que permite apreciar la belleza original de su dispositivo. La parte trasera transparente tambi\u00e9n se puede decorar con tus pegatinas favoritas para darle un toque m\u00e1s elegante y divertido. As\u00ed podr\u00e1s crear una funda \u00fanica para tu tablet que refleje a la perfecci\u00f3n tu estilo personal.<br \/>\n&#8211; [Soporte en forma de Y y portal\u00e1pices] Cuenta con cinco posiciones de plegado diferentes, creando una estructura multipivote. La tablet se puede colocar horizontal o verticalmente, ofreciendo dos posiciones de soporte para ver series, v\u00eddeos cortos, novelas y juegos. El compartimento integrado para el S Pen proporciona un lugar pr\u00e1ctico y seguro para guardarlo.<br \/>\n&#8211; [Recortes precisos] Con recortes precisos que se ajustan perfectamente a la tablet, las aberturas para el puerto de carga, la toma de auriculares, la lente de la c\u00e1mara y el bot\u00f3n de encendido permiten un acceso completo al dispositivo con la funda puesta. (Nota: Es necesario retirar la pel\u00edcula protectora de la parte trasera antes de usarla).<\/p>\n","protected":false},"excerpt":{"rendered":"<p>MaEiol Funda para Samsung Galaxy Tab S10 FE+ (S10 FE Plus) 13,1 Pulgadas 2025 para Bol\u00edgrafo S Pen, Funci\u00f3n de Multi-View Soporte, Carcasa Trasera Transparente, (Rosa)<br \/>#Publicidad<\/p>\n","protected":false},"featured_media":3417,"comment_status":"open","ping_status":"closed","template":"","meta":[],"product_cat":[15],"product_tag":[],"class_list":{"0":"post-3418","1":"product","2":"type-product","3":"status-publish","4":"has-post-thumbnail","6":"product_cat-sin-categorizar","8":"first","9":"instock","10":"shipping-taxable","11":"product-type-external"},"_links":{"self":[{"href":"https:\/\/viajesymas.com.es\/index.php\/wp-json\/wp\/v2\/product\/3418","targetHints":{"allow":["GET"]}}],"collection":[{"href":"https:\/\/viajesymas.com.es\/index.php\/wp-json\/wp\/v2\/product"}],"about":[{"href":"https:\/\/viajesymas.com.es\/index.php\/wp-json\/wp\/v2\/types\/product"}],"replies":[{"embeddable":true,"href":"https:\/\/viajesymas.com.es\/index.php\/wp-json\/wp\/v2\/comments?post=3418"}],"wp:featuredmedia":[{"embeddable":true,"href":"https:\/\/viajesymas.com.es\/index.php\/wp-json\/wp\/v2\/media\/3417"}],"wp:attachment":[{"href":"https:\/\/viajesymas.com.es\/index.php\/wp-json\/wp\/v2\/media?parent=3418"}],"wp:term":[{"taxonomy":"product_cat","embeddable":true,"href":"https:\/\/viajesymas.com.es\/index.php\/wp-json\/wp\/v2\/product_cat?post=3418"},{"taxonomy":"product_tag","embeddable":true,"href":"https:\/\/viajesymas.com.es\/index.php\/wp-json\/wp\/v2\/product_tag?post=3418"}],"curies":[{"name":"wp","href":"https:\/\/api.w.org\/{rel}","templated":true}]}}