{"id":3350,"date":"2026-04-16T05:31:26","date_gmt":"2026-04-16T05:31:26","guid":{"rendered":"https:\/\/viajesymas.com.es\/index.php\/producto\/b0dgqj7rcd_es\/"},"modified":"2026-04-16T05:31:26","modified_gmt":"2026-04-16T05:31:26","slug":"b0dgqj7rcd_es","status":"publish","type":"product","link":"https:\/\/viajesymas.com.es\/index.php\/producto\/b0dgqj7rcd_es\/","title":{"rendered":"B0DGQJ7RCD_ES"},"content":{"rendered":"<p>&#8211; \u3010Amplia compatibilidad\u3011cargador para iPhone carga rapida de 20 W + Cable para iPhone. Compatible con iPhone 14 \/ 14 Plus \/ 14 Pro \/ 14 Pro Max \/ 13 mini \/ 13 \/ 13 Pro Max \/ 12 mini \/ 12 \/ 12 Pro \/ 12 Pro Max \/ 11 \/ 11 Pro Max \/ XS Max \/ XS \/ XR \/ 8 Plus \/ 8\/ 7. (Incompatible con las series Phone 15, 16 y 17).<br \/>\n&#8211; \u3010Carga R\u00e1pida y Estable\u3011Este cargador para iPhone carga rapida incorpora la tecnolog\u00eda de carga PD3.0, que ajusta autom\u00e1ticamente la temperatura durante la carga y protege eficazmente la bater\u00eda de tu Phone. Con una potencia m\u00e1xima de salida de 20 W, carga m\u00e1s r\u00e1pido, alcanzando el 50 % de tu Phone en tan solo 30 minutos, tres veces m\u00e1s r\u00e1pido que un cargador de 5 W.<br \/>\n&#8211; \u3010Seguro y Duradero\u3011 El cargador para iPhone carga rapida incorpora funciones de seguridad que protegen tu dispositivo contra sobrecorriente, sobrecalentamiento y sobrecarga. Fabricado con material ign\u00edfugo, se mantiene robusto y duradero tras 15 000 pruebas de flexi\u00f3n. El cable con protecci\u00f3n contra rayos incorpora un chip inteligente que funciona autom\u00e1ticamente seg\u00fan la potencia requerida por el dispositivo iOS, cargando el Phone de forma r\u00e1pida, segura y estable, lo que prolonga la vida \u00fatil de la bater\u00eda.<br \/>\n&#8211; \u3010Ligero y Port\u00e1til\u3011 Este cargador para iPhone carga rapida con fuente de alimentaci\u00f3n es peque\u00f1o y port\u00e1til, f\u00e1cil de transportar y guardar. As\u00ed, podr\u00e1s cargar tu dispositivo r\u00e1pidamente en cualquier momento y lugar, ya sea en el trabajo, en casa o de viaje.<br \/>\n&#8211; \u3010Was Sie bekommen\u30111 x 20 W USB C cargador y 1 x cable para iPhone de 2 m.<\/p>\n","protected":false},"excerpt":{"rendered":"<p>Cargador para iPhone Carga Rapida de 20W con Cable para iPhone de 2m, Cargador para iPhone 14\/14 Plus\/ 14 Pro\/ 14 Pro MAX\/ 13\/12\/ 11\/ X\/ 8\/7<br \/>#Publicidad<\/p>\n","protected":false},"featured_media":3349,"comment_status":"open","ping_status":"closed","template":"","meta":[],"product_cat":[15],"product_tag":[],"class_list":{"0":"post-3350","1":"product","2":"type-product","3":"status-publish","4":"has-post-thumbnail","6":"product_cat-sin-categorizar","8":"first","9":"instock","10":"shipping-taxable","11":"product-type-external"},"_links":{"self":[{"href":"https:\/\/viajesymas.com.es\/index.php\/wp-json\/wp\/v2\/product\/3350","targetHints":{"allow":["GET"]}}],"collection":[{"href":"https:\/\/viajesymas.com.es\/index.php\/wp-json\/wp\/v2\/product"}],"about":[{"href":"https:\/\/viajesymas.com.es\/index.php\/wp-json\/wp\/v2\/types\/product"}],"replies":[{"embeddable":true,"href":"https:\/\/viajesymas.com.es\/index.php\/wp-json\/wp\/v2\/comments?post=3350"}],"wp:featuredmedia":[{"embeddable":true,"href":"https:\/\/viajesymas.com.es\/index.php\/wp-json\/wp\/v2\/media\/3349"}],"wp:attachment":[{"href":"https:\/\/viajesymas.com.es\/index.php\/wp-json\/wp\/v2\/media?parent=3350"}],"wp:term":[{"taxonomy":"product_cat","embeddable":true,"href":"https:\/\/viajesymas.com.es\/index.php\/wp-json\/wp\/v2\/product_cat?post=3350"},{"taxonomy":"product_tag","embeddable":true,"href":"https:\/\/viajesymas.com.es\/index.php\/wp-json\/wp\/v2\/product_tag?post=3350"}],"curies":[{"name":"wp","href":"https:\/\/api.w.org\/{rel}","templated":true}]}}