{"id":3196,"date":"2026-04-08T13:07:04","date_gmt":"2026-04-08T13:07:04","guid":{"rendered":"https:\/\/viajesymas.com.es\/index.php\/producto\/b0gjdf6x8t_es\/"},"modified":"2026-04-08T13:07:04","modified_gmt":"2026-04-08T13:07:04","slug":"b0gjdf6x8t_es","status":"publish","type":"product","link":"https:\/\/viajesymas.com.es\/index.php\/producto\/b0gjdf6x8t_es\/","title":{"rendered":"B0GJDF6X8T_ES"},"content":{"rendered":"<p>&#8211; Introducci\u00f3n del producto: este producto est\u00e1 dise\u00f1ado especialmente para reducir la fricci\u00f3n de la piel, no ocupa espacio para llevar consigo, adecuado para el hogar diario, el trabajo, los deportes y los viajes y otras escenas.<br \/>\n&#8211; Efecto del producto: reduce eficazmente las molestias cut\u00e1neas causadas por la fricci\u00f3n de la ropa o la actividad prolongada, proporciona una protecci\u00f3n suave para las partes vulnerables a la fricci\u00f3n, como el interior de los muslos, las axilas, los talones, etc., y ayuda a mantener el estado c\u00f3modo de la piel.<br \/>\n&#8211; Ventajas del producto: textura refrescante, pel\u00edcula r\u00e1pida despu\u00e9s de la aplicaci\u00f3n, no pegajosa, y no es f\u00e1cil ser arrastrada f\u00e1cilmente por el sudor o la humedad; La f\u00f3rmula es suave, amigable con la mayor\u00eda de la piel y f\u00e1cil de limpiar despu\u00e9s de su uso.<br \/>\n&#8211; Modo de uso: antes de usarlo, aseg\u00farese de que la piel est\u00e9 limpia y seca, y despu\u00e9s de abrir la barra anti &#8211; fricci\u00f3n, aplique una capa uniformemente en la zona propensa a la fricci\u00f3n directamente; Se puede reponer muchas veces seg\u00fan sea necesario, especialmente adecuado para hacer ejercicio, usar zapatos nuevos o caminar durante mucho tiempo.<br \/>\n&#8211; Aplicable a la poblaci\u00f3n: adecuado para el uso diario de personas que hacen ejercicio regularmente, se sientan en la Oficina durante mucho tiempo, usan tacones altos o ropa ajustada, y tambi\u00e9n adecuado para los trabajadores al aire libre como ayuda de protecci\u00f3n diaria.<\/p>\n","protected":false},"excerpt":{"rendered":"<p>50g Stick Antirozaduras, B\u00e1lsamo Antirozaduras Muslos, Reduce la fricci\u00f3n durante el movimiento, Ideal para deporte y uso diario, Aplicaci\u00f3n f\u00e1cil y secado r\u00e1pido<br \/>#Publicidad<\/p>\n","protected":false},"featured_media":3195,"comment_status":"open","ping_status":"closed","template":"","meta":[],"product_cat":[15],"product_tag":[],"class_list":{"0":"post-3196","1":"product","2":"type-product","3":"status-publish","4":"has-post-thumbnail","6":"product_cat-sin-categorizar","8":"first","9":"instock","10":"shipping-taxable","11":"product-type-external"},"_links":{"self":[{"href":"https:\/\/viajesymas.com.es\/index.php\/wp-json\/wp\/v2\/product\/3196","targetHints":{"allow":["GET"]}}],"collection":[{"href":"https:\/\/viajesymas.com.es\/index.php\/wp-json\/wp\/v2\/product"}],"about":[{"href":"https:\/\/viajesymas.com.es\/index.php\/wp-json\/wp\/v2\/types\/product"}],"replies":[{"embeddable":true,"href":"https:\/\/viajesymas.com.es\/index.php\/wp-json\/wp\/v2\/comments?post=3196"}],"wp:featuredmedia":[{"embeddable":true,"href":"https:\/\/viajesymas.com.es\/index.php\/wp-json\/wp\/v2\/media\/3195"}],"wp:attachment":[{"href":"https:\/\/viajesymas.com.es\/index.php\/wp-json\/wp\/v2\/media?parent=3196"}],"wp:term":[{"taxonomy":"product_cat","embeddable":true,"href":"https:\/\/viajesymas.com.es\/index.php\/wp-json\/wp\/v2\/product_cat?post=3196"},{"taxonomy":"product_tag","embeddable":true,"href":"https:\/\/viajesymas.com.es\/index.php\/wp-json\/wp\/v2\/product_tag?post=3196"}],"curies":[{"name":"wp","href":"https:\/\/api.w.org\/{rel}","templated":true}]}}