{"id":3194,"date":"2026-04-07T11:50:12","date_gmt":"2026-04-07T11:50:12","guid":{"rendered":"https:\/\/viajesymas.com.es\/index.php\/producto\/b08hlh2g2g_es\/"},"modified":"2026-04-07T11:50:12","modified_gmt":"2026-04-07T11:50:12","slug":"b08hlh2g2g_es","status":"publish","type":"product","link":"https:\/\/viajesymas.com.es\/index.php\/producto\/b08hlh2g2g_es\/","title":{"rendered":"B08HLH2G2G_ES"},"content":{"rendered":"<p>&#8211; Material: nailon \/ spandex. El traje de ba\u00f1o hecho de tejido de piel suave es muy el\u00e1stico y c\u00f3modo.<br \/>\n&#8211; En la parte superior con decoraci\u00f3n de perlas y parte inferior en T: la parte superior del bikini con cuello en V muestra el encanto de una mujer, la parte inferior con cordones da un aspecto atractivo y muestra una figura atractiva.<br \/>\n&#8211; Correa ajustable: el bikini con correa ajustable le permite ajustar la longitud de la correa seg\u00fan sus necesidades, para mostrar mejor su figura regordeta.<br \/>\n&#8211; Perfecto para trajes de ba\u00f1o de verano, trajes de ba\u00f1o, fiestas, vacaciones, nataci\u00f3n, moda, sexy y elegante, encantador y elegante bikini de playa adecuado para la mayor\u00eda de las ni\u00f1as o mujeres.<br \/>\n&#8211; NOTA: Consulte la imagen de la tabla de tallas IZQUIERDA antes de realizar el pedido. Puede haber una diferencia de 1-3 cm debido a la medici\u00f3n manual, gracias.<\/p>\n","protected":false},"excerpt":{"rendered":"<p>JFAN Perla Bikini Traje de Ba\u00f1o Mujer Bikini Mar Bandeau Brasile\u00f1o Sexy Tri\u00e1ngulo Traje de Ba\u00f1o de Encaje para Mujer\uff0cTurquesa-M<br \/>#Publicidad<\/p>\n","protected":false},"featured_media":3193,"comment_status":"open","ping_status":"closed","template":"","meta":[],"product_cat":[15],"product_tag":[],"class_list":{"0":"post-3194","1":"product","2":"type-product","3":"status-publish","4":"has-post-thumbnail","6":"product_cat-sin-categorizar","8":"first","9":"instock","10":"shipping-taxable","11":"product-type-external"},"_links":{"self":[{"href":"https:\/\/viajesymas.com.es\/index.php\/wp-json\/wp\/v2\/product\/3194","targetHints":{"allow":["GET"]}}],"collection":[{"href":"https:\/\/viajesymas.com.es\/index.php\/wp-json\/wp\/v2\/product"}],"about":[{"href":"https:\/\/viajesymas.com.es\/index.php\/wp-json\/wp\/v2\/types\/product"}],"replies":[{"embeddable":true,"href":"https:\/\/viajesymas.com.es\/index.php\/wp-json\/wp\/v2\/comments?post=3194"}],"wp:featuredmedia":[{"embeddable":true,"href":"https:\/\/viajesymas.com.es\/index.php\/wp-json\/wp\/v2\/media\/3193"}],"wp:attachment":[{"href":"https:\/\/viajesymas.com.es\/index.php\/wp-json\/wp\/v2\/media?parent=3194"}],"wp:term":[{"taxonomy":"product_cat","embeddable":true,"href":"https:\/\/viajesymas.com.es\/index.php\/wp-json\/wp\/v2\/product_cat?post=3194"},{"taxonomy":"product_tag","embeddable":true,"href":"https:\/\/viajesymas.com.es\/index.php\/wp-json\/wp\/v2\/product_tag?post=3194"}],"curies":[{"name":"wp","href":"https:\/\/api.w.org\/{rel}","templated":true}]}}