{"id":3126,"date":"2026-04-01T09:53:15","date_gmt":"2026-04-01T09:53:15","guid":{"rendered":"https:\/\/viajesymas.com.es\/index.php\/producto\/b0gkdybkzb_es-2\/"},"modified":"2026-04-01T09:53:15","modified_gmt":"2026-04-01T09:53:15","slug":"b0gkdybkzb_es-2","status":"publish","type":"product","link":"https:\/\/viajesymas.com.es\/index.php\/producto\/b0gkdybkzb_es-2\/","title":{"rendered":"B0GKDYBKZB_ES"},"content":{"rendered":"<p>&#8211; LARGA VIDA \u00daTIL DE LA BATER\u00cdA- Este Localizador GPS para Coche est\u00e1 equipado con una bater\u00eda de litio de alta capacidad de alto rendimiento, la vida normal puede ser de hasta 730 d\u00edas, dos a\u00f1os. No tienes que preocuparte de que la bater\u00eda se agote durante el uso, incluso si la bater\u00eda se agota, puedes reemplazarla por otra nueva, solo quita la caja y reemplazala f\u00e1cilmente sin ninguna dificultad<br \/>\n&#8211; MAGN\u00c9TICA Y IMPERMEABLE- Nuestro embalaje incluye un Localizador GPS, una carcasa magn\u00e9tica impermeable de silicona, un cord\u00f3n. Esta air tracker android oculto tiene una nueva funci\u00f3n de im\u00e1n, equipada con un im\u00e1n fuerte que se puede ocultar en cualquier superficie met\u00e1lica. El fuerte dise\u00f1o de succi\u00f3n magn\u00e9tica se complementa con una carcasa impermeable y a prueba de lluvia, que se puede fijar firmemente independientemente de los d\u00edas soleados o lluviosos, y no es f\u00e1cil de caer.<br \/>\n&#8211; PROTECCI\u00d3N DE SU PRIVACIDAD- Sus datos de ubicaci\u00f3n est\u00e1n cifrados de forma segura, solo usted y los usuarios autorizados pueden acceder a ellos. El GPS Coche Localizador nunca almacena sus datos de ubicaci\u00f3n o historial p\u00fablicamente. Por lo tanto, sus datos pueden estar bien protegidos.No importa d\u00f3nde se encuentre su coche, puede rastrear y actualizar su informaci\u00f3n de posicionamiento precisa en tiempo real desde cualquier parte del mundo.<br \/>\n&#8211; PROTECCI\u00d3N DE SU PRIVACIDAD- El Localizador GPS para Coche oculto es adecuado para la mayor\u00eda de los coches, solo necesita fijarlos a la superficie met\u00e1lica.Localizador GPS para Coche puede usarlo no solo para el coche, sino tambi\u00e9n para la mochila cuando viaja, llave, walle. La duraci\u00f3n de la bater\u00eda es otro punto destacado. Alimentado por una bater\u00eda est\u00e1ndar CR2032, esta etiqueta de seguimiento de aire de larga vida funciona hasta un a\u00f1o completo sin recarga.<br \/>\n&#8211; PROTECCI\u00d3N DE LA SEGURIDAD- Rastreamiento en tiempo real y posicionamiento preciso Este GPS Coche localizador Android peque\u00f1o,se puede usar para monitorear el posicionamiento en tiempo real las 24 horas.Veh\u00edculos integra protecci\u00f3n de seguridad,seguimiento din\u00e1mico,alarma de emergencia y otras funciones para proporcionar protecci\u00f3n integral para los activos de su veh\u00edculo.Este rastreador fiable ayuda a prevenir el robo y garantiza que pueda localizar r\u00e1pidamente su veh\u00edculo cuando sea necesario.<br \/>\n&#8211; NO SE REQUIERE SUSCRIPCI\u00d3N- GPS Coche localizador Android Sin suscripci\u00f3n, sin cuota mensual, sin tarjeta SIM. El rastreador GPS del coche simplemente funciona con Find Hub (solo Android) para usar. La operaci\u00f3n es muy sencilla, basta con seguir las instrucciones para completar el emparejamiento en unos segundos. Podr\u00e1 ver la ubicaci\u00f3n del tracker tag en su tel\u00e9fono y rastrear el movimiento del dispositivo en tiempo real.<\/p>\n","protected":false},"excerpt":{"rendered":"<p>GPS Coche Localizador, Air Tracker Android Buscador de Objetos Funciona con Google Find Hub, Localizador GPS para Coche Tiempo Real Global Seguimiento del Sin SIM y Sin Suscripci\u00f3n (Blanco)<br \/>#Publicidad<\/p>\n","protected":false},"featured_media":3125,"comment_status":"open","ping_status":"closed","template":"","meta":[],"product_cat":[15],"product_tag":[],"class_list":{"0":"post-3126","1":"product","2":"type-product","3":"status-publish","4":"has-post-thumbnail","6":"product_cat-sin-categorizar","8":"first","9":"instock","10":"shipping-taxable","11":"product-type-external"},"_links":{"self":[{"href":"https:\/\/viajesymas.com.es\/index.php\/wp-json\/wp\/v2\/product\/3126","targetHints":{"allow":["GET"]}}],"collection":[{"href":"https:\/\/viajesymas.com.es\/index.php\/wp-json\/wp\/v2\/product"}],"about":[{"href":"https:\/\/viajesymas.com.es\/index.php\/wp-json\/wp\/v2\/types\/product"}],"replies":[{"embeddable":true,"href":"https:\/\/viajesymas.com.es\/index.php\/wp-json\/wp\/v2\/comments?post=3126"}],"wp:featuredmedia":[{"embeddable":true,"href":"https:\/\/viajesymas.com.es\/index.php\/wp-json\/wp\/v2\/media\/3125"}],"wp:attachment":[{"href":"https:\/\/viajesymas.com.es\/index.php\/wp-json\/wp\/v2\/media?parent=3126"}],"wp:term":[{"taxonomy":"product_cat","embeddable":true,"href":"https:\/\/viajesymas.com.es\/index.php\/wp-json\/wp\/v2\/product_cat?post=3126"},{"taxonomy":"product_tag","embeddable":true,"href":"https:\/\/viajesymas.com.es\/index.php\/wp-json\/wp\/v2\/product_tag?post=3126"}],"curies":[{"name":"wp","href":"https:\/\/api.w.org\/{rel}","templated":true}]}}