{"id":286,"date":"2025-01-02T00:00:44","date_gmt":"2025-01-02T00:00:44","guid":{"rendered":"https:\/\/viajesymas.com.es\/index.php\/producto\/b07yp1nj9x\/"},"modified":"2025-01-02T00:00:44","modified_gmt":"2025-01-02T00:00:44","slug":"b07yp1nj9x","status":"publish","type":"product","link":"https:\/\/viajesymas.com.es\/index.php\/producto\/b07yp1nj9x\/","title":{"rendered":"B07YP1NJ9X"},"content":{"rendered":"<p>&#8211; \u3010GRAN CALIDAD ALUMINIO FORJADO\u3011 Sart\u00e9n antiadherente Wecook Professional Copper con recubrimiento exterior de silicona en color cobre que ofrece m\u00e1xima resistencia al calor y las abrasiones, ideal para el uso diario.<br \/>\n&#8211; \u3010ANTIADHERENTE ECOL\u00d3GICO PIEDRA\u3011 Con 2 capas de recubrimiento antiadherente Ecol\u00f3gico libre de PFOA tipo piedra que no libera gases t\u00f3xicos, no da\u00f1a el medio ambiente, ni la salud de las personas.<br \/>\n&#8211; \u3010INDUCCI\u00d3N\u3011 La sart\u00e9n tiene un acabado de 2,8 mm de espesor y fondo difusor 100% Full Induction que proporciona una transmisi\u00f3n del calor perfecta y homog\u00e9nea en toda la superficie para ahorrar energ\u00eda.<br \/>\n&#8211; \u3010APTA TODO TIPO DE COCINAS\u3011 Se puede utilizar en todo tipo de cocinas, vitrocer\u00e1mica, gas, el\u00e9ctrica, inducci\u00f3n incluso horno. Disponible en las siguientes medidas 16 &#8211; 18 &#8211; 20 -22 &#8211; 24 &#8211; 26 &#8211; 28 &#8211; 30 &#8211; 32 cm.<br \/>\n&#8211; \u3010MANGO PROFESIONAL DE ACERO\u3011 El mango ergon\u00f3mico de acero inoxidable que no transmite el calor y est\u00e1 remachado en tres puntos ofrece m\u00e1xima seguridad y comodidad de uso, sart\u00e9n apta para lavavajillas.<\/p>\n","protected":false},"excerpt":{"rendered":"<p>WECOOK! Professional Sart\u00e9n Aluminio Forjado 24 cm, Inducci\u00f3n, Antiadherente Ecol\u00f3gico sin PFOA, 2,8 mm Espesor, Mango Acero Inox., Color Cobre, Apta Todas las Cocinas, Vitrocer\u00e1mica, Gas, Horno<br \/>\n<br \/>\n#Publicidad<\/p>\n","protected":false},"featured_media":285,"comment_status":"open","ping_status":"closed","template":"","meta":[],"product_cat":[15],"product_tag":[],"class_list":{"0":"post-286","1":"product","2":"type-product","3":"status-publish","4":"has-post-thumbnail","6":"product_cat-sin-categorizar","8":"first","9":"instock","10":"shipping-taxable","11":"product-type-external"},"_links":{"self":[{"href":"https:\/\/viajesymas.com.es\/index.php\/wp-json\/wp\/v2\/product\/286","targetHints":{"allow":["GET"]}}],"collection":[{"href":"https:\/\/viajesymas.com.es\/index.php\/wp-json\/wp\/v2\/product"}],"about":[{"href":"https:\/\/viajesymas.com.es\/index.php\/wp-json\/wp\/v2\/types\/product"}],"replies":[{"embeddable":true,"href":"https:\/\/viajesymas.com.es\/index.php\/wp-json\/wp\/v2\/comments?post=286"}],"wp:featuredmedia":[{"embeddable":true,"href":"https:\/\/viajesymas.com.es\/index.php\/wp-json\/wp\/v2\/media\/285"}],"wp:attachment":[{"href":"https:\/\/viajesymas.com.es\/index.php\/wp-json\/wp\/v2\/media?parent=286"}],"wp:term":[{"taxonomy":"product_cat","embeddable":true,"href":"https:\/\/viajesymas.com.es\/index.php\/wp-json\/wp\/v2\/product_cat?post=286"},{"taxonomy":"product_tag","embeddable":true,"href":"https:\/\/viajesymas.com.es\/index.php\/wp-json\/wp\/v2\/product_tag?post=286"}],"curies":[{"name":"wp","href":"https:\/\/api.w.org\/{rel}","templated":true}]}}