{"id":252,"date":"2024-12-29T08:00:47","date_gmt":"2024-12-29T08:00:47","guid":{"rendered":"https:\/\/viajesymas.com.es\/index.php\/producto\/b09r2dghlj\/"},"modified":"2024-12-29T08:00:47","modified_gmt":"2024-12-29T08:00:47","slug":"b09r2dghlj","status":"publish","type":"product","link":"https:\/\/viajesymas.com.es\/index.php\/producto\/b09r2dghlj\/","title":{"rendered":"B09R2DGHLJ"},"content":{"rendered":"<p>&#8211; Gorra dad de algod\u00f3n con cierre de pinza para hombre &#8211; Aspecto envejecido<br \/>\n&#8211; Talla \u00fanica (aprox. 54-60 cm) \/ Largo de la visera: 7 cm \/ Altura de la cabeza: aprox. 11 cm<br \/>\n&#8211; Tama\u00f1o ajustable \/ Cierre trasero regulable<br \/>\n&#8211; NIVEL DE SUDORACI\u00d3N &#8211; Bajo Usos recomendados: Moda, streetwear, actividades diarias. Cuidado: Instrucciones de lavado a mano despu\u00e9s de sudar, uso de protectores, y ventilaci\u00f3n.<br \/>\n&#8211; Cierre con pinza de metal \/ ojales bordados para mayor transpiraci\u00f3n<br \/>\n&#8211; Lavar a Mano<\/p>\n","protected":false},"excerpt":{"rendered":"<p>DRESSED IN MUSIC PLAY WITH ME Gorra Beisbol Classic Surf Monkey\u00ae &#8211; Gorra Dad de Sarga sin Estructura (Azul Marino)<br \/>\n<br \/>\n#Publicidad<\/p>\n","protected":false},"featured_media":251,"comment_status":"open","ping_status":"closed","template":"","meta":[],"product_cat":[15],"product_tag":[],"class_list":{"0":"post-252","1":"product","2":"type-product","3":"status-publish","4":"has-post-thumbnail","6":"product_cat-sin-categorizar","8":"first","9":"instock","10":"shipping-taxable","11":"product-type-external"},"_links":{"self":[{"href":"https:\/\/viajesymas.com.es\/index.php\/wp-json\/wp\/v2\/product\/252","targetHints":{"allow":["GET"]}}],"collection":[{"href":"https:\/\/viajesymas.com.es\/index.php\/wp-json\/wp\/v2\/product"}],"about":[{"href":"https:\/\/viajesymas.com.es\/index.php\/wp-json\/wp\/v2\/types\/product"}],"replies":[{"embeddable":true,"href":"https:\/\/viajesymas.com.es\/index.php\/wp-json\/wp\/v2\/comments?post=252"}],"wp:featuredmedia":[{"embeddable":true,"href":"https:\/\/viajesymas.com.es\/index.php\/wp-json\/wp\/v2\/media\/251"}],"wp:attachment":[{"href":"https:\/\/viajesymas.com.es\/index.php\/wp-json\/wp\/v2\/media?parent=252"}],"wp:term":[{"taxonomy":"product_cat","embeddable":true,"href":"https:\/\/viajesymas.com.es\/index.php\/wp-json\/wp\/v2\/product_cat?post=252"},{"taxonomy":"product_tag","embeddable":true,"href":"https:\/\/viajesymas.com.es\/index.php\/wp-json\/wp\/v2\/product_tag?post=252"}],"curies":[{"name":"wp","href":"https:\/\/api.w.org\/{rel}","templated":true}]}}