{"id":125,"date":"2024-12-21T08:40:34","date_gmt":"2024-12-21T08:40:34","guid":{"rendered":"https:\/\/viajesymas.com.es\/index.php\/producto\/b0dl92yf2y\/"},"modified":"2024-12-21T08:40:34","modified_gmt":"2024-12-21T08:40:34","slug":"b0dl92yf2y","status":"publish","type":"product","link":"https:\/\/viajesymas.com.es\/index.php\/producto\/b0dl92yf2y\/","title":{"rendered":"B0DL92YF2Y"},"content":{"rendered":"<p>&#8211; 10 Potentes Modos Silencio: Est\u00eem\u00f9lador de Fem\u00e8nino Equipado con dos motores s\u00faper silenciosos pero potentes, puedes relajarte y descansar con este Vibr\u00e1dorad\u00f4r Muj\u00e9r J\u00f9gu\u00e9tes Erot\u00eec\u00f4s con 10 modos diferentes.<br \/>\n&#8211; 10 modos: V\u00eebrad\u00f4rador Cl\u00eetoris Jugu\u00eates Er\u00f3t\u00eec\u00f3s Adecuado para diversos entornos como ba\u00f1o, sala de estar, piscina, etc.<br \/>\n&#8211; Dise\u00f1o Personalizado: V\u00eebr\u00e2dor\u00e2dor M\u00f9jer Clitor\u00ees Potent\u0117 forma perfecta. La apariencia puede mejorar el efecto de uso, hacer que su toque sea m\u00e1s realista y brindarle una mejor experiencia.<br \/>\n&#8211; USB Recargable \uff1aV\u00ecbr\u00e0d\u00f2r C\u00f4nsol\u00e2dores.. para M\u00f9j\u00ear con V\u00efbr\u00e0cion Compacto y liviano, es ideal para viajar. Es f\u00e1cilmente recargable con un cable USB. Cable de carga USB incluido.<br \/>\n&#8211; Servicio: J\u00f9guetes Er\u00f3t\u00eecos para Par\u00ebja S\u00ebxu\u00e1les Empaquetado y enviado en embalaje exterior de color s\u00f3lido (Se-cre-t). Un a\u00f1o de garant\u00eda para devoluciones y cambios de mercanc\u00edas. Servicio al cliente en l\u00ednea las 24 horas para responder a sus preguntas.<\/p>\n","protected":false},"excerpt":{"rendered":"<p>Masaje,Vibr\u00e1dorad\u00f4r Muj\u00e9r J\u00f9gu\u00e9tes Er\u00f3t\u00eecos S\u00e9x\u00faale V\u00eebrador\u00e1dor Cl\u00eetoris Jugu\u00eates Er\u00f3t\u00eec\u00f3s Para P\u00e0rej\u00e0s S\u00eaxu\u00e0les V\u00eebr\u00e0d\u00f4r C\u00f4nsolador\u00e9s.. para M\u00f9jer con V\u00eebr\u00e1cion m\u00e0saj\u00e8ad\u00f4res el\u00e9ctrico(P\u00farpura-3)<br \/>\n<br \/>\n#Publicidad<\/p>\n","protected":false},"featured_media":124,"comment_status":"open","ping_status":"closed","template":"","meta":[],"product_cat":[15],"product_tag":[],"class_list":{"0":"post-125","1":"product","2":"type-product","3":"status-publish","4":"has-post-thumbnail","6":"product_cat-sin-categorizar","8":"first","9":"instock","10":"shipping-taxable","11":"product-type-external"},"_links":{"self":[{"href":"https:\/\/viajesymas.com.es\/index.php\/wp-json\/wp\/v2\/product\/125","targetHints":{"allow":["GET"]}}],"collection":[{"href":"https:\/\/viajesymas.com.es\/index.php\/wp-json\/wp\/v2\/product"}],"about":[{"href":"https:\/\/viajesymas.com.es\/index.php\/wp-json\/wp\/v2\/types\/product"}],"replies":[{"embeddable":true,"href":"https:\/\/viajesymas.com.es\/index.php\/wp-json\/wp\/v2\/comments?post=125"}],"wp:featuredmedia":[{"embeddable":true,"href":"https:\/\/viajesymas.com.es\/index.php\/wp-json\/wp\/v2\/media\/124"}],"wp:attachment":[{"href":"https:\/\/viajesymas.com.es\/index.php\/wp-json\/wp\/v2\/media?parent=125"}],"wp:term":[{"taxonomy":"product_cat","embeddable":true,"href":"https:\/\/viajesymas.com.es\/index.php\/wp-json\/wp\/v2\/product_cat?post=125"},{"taxonomy":"product_tag","embeddable":true,"href":"https:\/\/viajesymas.com.es\/index.php\/wp-json\/wp\/v2\/product_tag?post=125"}],"curies":[{"name":"wp","href":"https:\/\/api.w.org\/{rel}","templated":true}]}}